late the remainder when 349 is divided by 114.
7
Calculate the remainder when 77 is divided by 39.
38
What is the remainder when 627 is divided by 30?
27
Calculate the remainder when 13 is divided by 4.
1
Calculate the remainder when 4450 is divided by 27.
22
Calculate the remainder when 4436 is divided by 185.
181
What is the remainder when 35 is divided by 16?
3
What is the remainder when 188 is divided by 27?
26
Calculate the remainder when 1985 is divided by 71.
68
What is the remainder when 197 is divided by 9?
8
Calculate the remainder when 941 is divided by 35.
31
Calculate the remainder when 14443 is divided by 27.
25
What is the remainder when 30461 is divided by 15?
11
What is the remainder when 922 is divided by 75?
22
What is the remainder when 4190 is divided by 190?
10
What is the remainder when 42 is divided by 25?
17
What is the remainder when 341 is divided by 335?
6
Calculate the remainder when 153 is divided by 33.
21
Calculate the remainder when 403 is divided by 170.
63
Calculate the remainder when 1942 is divided by 635.
37
Calculate the remainder when 404 is divided by 52.
40
Calculate the remainder when 298 is divided by 164.
134
Calculate the remainder when 662 is divided by 96.
86
Calculate the remainder when 445 is divided by 127.
64
What is the remainder when 118 is divided by 41?
36
What is the remainder when 226 is divided by 62?
40
What is the remainder when 517 is divided by 72?
13
Calculate the remainder when 1078 is divided by 247.
90
Calculate the remainder when 662 is divided by 133.
130
Calculate the remainder when 752 is divided by 13.
11
What is the remainder when 739 is divided by 3?
1
What is the remainder when 33 is divided by 25?
8
What is the remainder when 2703 is divided by 52?
51
What is the remainder when 27 is divided by 8?
3
What is the remainder when 1554 is divided by 68?
58
What is the remainder when 51 is divided by 30?
21
Calculate the remainder when 945 is divided by 932.
13
What is the remainder when 244 is divided by 92?
60
Calculate the remainder when 354 is divided by 51.
48
Calculate the remainder when 127 is divided by 35.
22
What is the remainder when 511 is divided by 1?
0
Calculate the remainder when 692 is divided by 7.
6
What is the remainder when 289 is divided by 29?
28
Calculate the remainder when 2070 is divided by 37.
35
Calculate the remainder when 1424 is divided by 40.
24
Calculate the remainder when 92 is divided by 11.
4
What is the remainder when 1159 is divided by 14?
11
What is the remainder when 3580 is divided by 35?
10
Calculate the remainder when 289 is divided by 4.
1
Calculate the remainder when 558 is divided by 33.
30
Calculate the remainder when 5563 is divided by 35.
33
Calculate the remainder when 268 is divided by 32.
12
Calculate the remainder when 218 is divided by 22.
20
Calculate the remainder when 261 is divided by 12.
9
What is the remainder when 1136 is divided by 565?
6
What is the remainder when 7032 is divided by 102?
96
Calculate the remainder when 5034 is divided by 48.
42
Calculate the remainder when 1795 is divided by 398.
203
What is the remainder when 112 is divided by 97?
15
Calculate the remainder when 520 is divided by 87.
85
Calculate the remainder when 2760 is divided by 551.
5
What is the remainder when 364 is divided by 76?
60
Calculate the remainder when 809 is divided by 29.
26
What is the remainder when 1481 is divided by 213?
203
What is the remainder when 1841 is divided by 41?
37
Calculate the remainder when 335 is divided by 22.
5
Calculate the remainder when 11101 is divided by 16.
13
What is the remainder when 86 is divided by 26?
8
What is the remainder when 1147 is divided by 96?
91
What is the remainder when 190 is divided by 58?
16
What is the remainder when 41 is divided by 22?
19
What is the remainder when 22502 is divided by 116?
114
What is the remainder when 1054 is divided by 132?
130
What is the remainder when 68 is divided by 19?
11
What is the remainder when 199 is divided by 88?
23
What is the remainder when 399 is divided by 4?
3
Calculate the remainder when 298 is divided by 25.
23
What is the remainder when 171 is divided by 84?
3
Calculate the remainder when 922 is divided by 413.
96
Calculate the remainder when 58 is divided by 40.
18
Calculate the remainder when 24 is divided by 16.
8
What is the remainder when 62 is divided by 16?
14
Calculate the remainder when 1337 is divided by 332.
9
What is the remainder when 2677 is divided by 20?
17
Calculate the remainder when 119 is divided by 12.
11
Calculate the remainder when 847 is divided by 61.
54
What is the remainder when 62 is divided by 39?
23
Calculate the remainder when 3115 is divided by 390.
385
What is the remainder when 2970 is divided by 185?
10
Calculate the remainder when 227 is divided by 36.
11
What is the remainder when 2761 is divided by 79?
75
Calculate the remainder when 267 is divided by 67.
66
What is the remainder when 3250 is divided by 231?
16
What is the remainder when 505 is divided by 417?
88
Calculate the remainder when 597 is divided by 151.
144
Calculate the remainder when 518 is divided by 52.
50
What is the remainder when 355 is divided by 37?
22
What is the remainder when 16 is divided by 12?
4
Calculate the remainder when 148 is divided by 37.
0
What is the remainder when 3922 is divided by 217?
16
Calculate the remainder when 2283 is divided by 9.
6
What is the remainder when 891 is divided by 15?
6
What is the remainder when 670 is divided by 42?
40
What is the remainder when 886 is divided by 5?
1
Calculate the remainder when 614 is divided by 17.
2
What is the remainder when 771 is divided by 193?
192
Calculate the remainder when 687 is divided by 10.
7
What is the remainder when 305 is divided by 76?
1
What is the remainder when 265 is divided by 68?
61
Calculate the remainder when 1100 is divided by 111.
101
What is the remainder when 388 is divided by 91?
24
Calculate the remainder when 1223 is divided by 303.
11
Calculate the remainder when 871 is divided by 101.
63
Calculate the remainder when 803 is divided by 35.
33
What is the remainder when 470 is divided by 233?
4
What is the remainder when 236 is divided by 46?
6
Calculate the remainder when 494 is divided by 100.
94
Calculate the remainder when 134 is divided by 79.
55
What is the remainder when 136 is divided by 58?
20
Calculate the remainder when 7035 is divided by 102.
99
What is the remainder when 218 is divided by 24?
2
What is the remainder when 503 is divided by 56?
55
What is the remainder when 204 is divided by 40?
4
Calculate the remainder when 268 is divided by 50.
18
What is the remainder when 215 is divided by 132?
83
What is the remainder when 378 is divided by 79?
62
Calculate the remainder when 1178 is divided by 585.
8
Calculate the remainder when 838 is divided by 30.
28
Calculate the remainder when 816 is divided by 63.
60
Calculate the remainder when 1626 is divided by 74.
72
Calculate the remainder when 347 is divided by 70.
67
Calculate the remainder when 362 is divided by 82.
34
What is the remainder when 68 is divided by 14?
12
Calculate the remainder when 2161 is divided by 2153.
8
Calculate the remainder when 150 is divided by 54.
42
What is the remainder when 104 is divided by 21?
20
What is the remainder when 351 is divided by 172?
7
Calculate the remainder when 444 is divided by 14.
10
What is the remainder when 95 is divided by 21?
11
What is the remainder when 117 is divided by 26?
13
Calculate the remainder when 1425 is divided by 46.
45
What is the remainder when 32 is divided by 16?
0
What is the remainder when 455 is divided by 418?
37
Calculate the remainder when 5243 is divided by 228.
227
Calculate the remainder when 15616 is divided by 41.
36
Calculate the remainder when 37278 is divided by 40.
38
What is the remainder when 125 is divided by 44?
37
What is the remainder when 765 is divided by 59?
57
What is the remainder when 523 is divided by 101?
18
What is the remainder when 535 is divided by 184?
167
Calculate the remainder when 4737 is divided by 60.
57
What is the remainder when 90 is divided by 17?
5
What is the remainder when 111 is divided by 40?
31
Calculate the remainder when 14665 is divided by 193.